{"id":1875,"date":"2025-07-24T20:31:23","date_gmt":"2025-07-24T20:31:23","guid":{"rendered":"https:\/\/www.dev.magdalenastiendadefe.com\/dev\/?post_type=product&#038;p=1875"},"modified":"2025-07-24T20:31:55","modified_gmt":"2025-07-24T20:31:55","slug":"virgen-de-fatima-pastores-60cm","status":"publish","type":"product","link":"https:\/\/www.dev.magdalenastiendadefe.com\/dev\/producto\/virgen-de-fatima-pastores-60cm\/","title":{"rendered":"Virgen de F\u00e1tima pastores 60cm"},"content":{"rendered":"<p>Fiesta: 13 de mayo<br \/>\nLugar de aparici\u00f3n: F\u00e1tima, Portugal<\/p>\n<p>Material: Marmolina<\/p>\n<p>Medida de la imagen: 60cm medida de los pastores18cm<\/p>\n<p>La imagen se env\u00eda empacada para regalo, con mini denario, tarjeta de para\u00a0 y estampa de la marca.<\/p>\n<p>Pintura: Acr\u00edlica, patina y laminilla.<\/p>\n","protected":false},"excerpt":{"rendered":"<p>Virgen de F\u00e1tima con los Pastorcitos \u2013 Un mensaje de esperanza y conversi\u00f3n<\/p>\n<p>Esta hermosa representaci\u00f3n de la Virgen de F\u00e1tima junto a los tres pastorcitos \u2014Luc\u00eda, Francisco y Jacinta\u2014 evoca uno de los momentos m\u00e1s conmovedores de la historia reciente de la fe cat\u00f3lica: las apariciones de la Virgen Mar\u00eda en Cova da Iria, F\u00e1tima, Portugal, entre el 13 de mayo y el 13 de octubre de 1917. En estas apariciones, la Virgen pidi\u00f3 oraci\u00f3n, conversi\u00f3n y penitencia, dejando un mensaje profundo de esperanza y paz para el mundo.<\/p>\n<p>La fiesta de la Virgen de F\u00e1tima se celebra cada 13 de mayo, y su imagen se ha convertido en s\u00edmbolo de consuelo, protecci\u00f3n maternal y gu\u00eda espiritual en tiempos dif\u00edciles.<\/p>\n<p>Tener o regalar una imagen de la Virgen de F\u00e1tima con los pastorcitos no es solo un acto de devoci\u00f3n, sino tambi\u00e9n una forma de recordar que el cielo est\u00e1 cerca y que Dios sigue hablando a los corazones sencillos. Es un detalle poderoso para el hogar, para acompa\u00f1ar a un ser querido o para iniciar un camino de fe m\u00e1s profundo.<\/p>\n","protected":false},"featured_media":1943,"comment_status":"closed","ping_status":"closed","template":"","meta":{"_acf_changed":false},"product_brand":[],"product_cat":[34],"product_tag":[],"class_list":{"0":"post-1875","1":"product","2":"type-product","3":"status-publish","4":"has-post-thumbnail","6":"product_cat-de-fatima-pastorcitos-o-palomas","8":"first","9":"instock","10":"taxable","11":"shipping-taxable","12":"purchasable","13":"product-type-simple"},"acf":[],"_links":{"self":[{"href":"https:\/\/www.dev.magdalenastiendadefe.com\/dev\/wp-json\/wp\/v2\/product\/1875","targetHints":{"allow":["GET"]}}],"collection":[{"href":"https:\/\/www.dev.magdalenastiendadefe.com\/dev\/wp-json\/wp\/v2\/product"}],"about":[{"href":"https:\/\/www.dev.magdalenastiendadefe.com\/dev\/wp-json\/wp\/v2\/types\/product"}],"replies":[{"embeddable":true,"href":"https:\/\/www.dev.magdalenastiendadefe.com\/dev\/wp-json\/wp\/v2\/comments?post=1875"}],"wp:featuredmedia":[{"embeddable":true,"href":"https:\/\/www.dev.magdalenastiendadefe.com\/dev\/wp-json\/wp\/v2\/media\/1943"}],"wp:attachment":[{"href":"https:\/\/www.dev.magdalenastiendadefe.com\/dev\/wp-json\/wp\/v2\/media?parent=1875"}],"wp:term":[{"taxonomy":"product_brand","embeddable":true,"href":"https:\/\/www.dev.magdalenastiendadefe.com\/dev\/wp-json\/wp\/v2\/product_brand?post=1875"},{"taxonomy":"product_cat","embeddable":true,"href":"https:\/\/www.dev.magdalenastiendadefe.com\/dev\/wp-json\/wp\/v2\/product_cat?post=1875"},{"taxonomy":"product_tag","embeddable":true,"href":"https:\/\/www.dev.magdalenastiendadefe.com\/dev\/wp-json\/wp\/v2\/product_tag?post=1875"}],"curies":[{"name":"wp","href":"https:\/\/api.w.org\/{rel}","templated":true}]}}