{"id":1862,"date":"2025-07-24T20:31:23","date_gmt":"2025-07-24T20:31:23","guid":{"rendered":"https:\/\/www.dev.magdalenastiendadefe.com\/dev\/?post_type=product&#038;p=1862"},"modified":"2025-07-24T20:31:33","modified_gmt":"2025-07-24T20:31:33","slug":"pin-papa-francisco","status":"publish","type":"product","link":"https:\/\/www.dev.magdalenastiendadefe.com\/dev\/producto\/pin-papa-francisco\/","title":{"rendered":"Pin Papa Francisco"},"content":{"rendered":"<p>Llevar un pin del Papa Francisco es mucho m\u00e1s que un gesto decorativo. Es un s\u00edmbolo de esperanza, humildad y compromiso con una fe viva y cercana. Representa la figura de un l\u00edder que inspira con su sencillez y su mensaje de misericordia. Tenerlo contigo \u2014en tu ropa, mochila o espacio personal\u2014 es una forma de recordar que la bondad, el di\u00e1logo y la compasi\u00f3n tambi\u00e9n se pueden llevar puestos.<\/p>\n<p>&nbsp;<\/p>\n<p><strong>IMPORTANTE:<\/strong><\/p>\n<p>Pin artesanal pintado a mano con la imagen del Papa Francisco.<br \/>\nDise\u00f1o exclusivo de nuestra marca.<br \/>\nEmpacado en bolsa sellada de celof\u00e1n para su protecci\u00f3n.<br \/>\nPersonalizable a partir de 12 unidades: puedes agregar un nombre, logo o mensaje especial en la impresi\u00f3n. Ideal para grupos, comunidades o eventos especiales.<\/p>\n","protected":false},"excerpt":{"rendered":"<p>Llevar un pin del Papa Francisco es mucho m\u00e1s que un gesto decorativo. Es un s\u00edmbolo de esperanza, humildad y compromiso con una fe viva y cercana. Representa la figura de un l\u00edder que inspira con su sencillez y su mensaje de misericordia. Tenerlo contigo \u2014en tu ropa, mochila o espacio personal\u2014 es una forma de recordar que la bondad, el di\u00e1logo y la compasi\u00f3n tambi\u00e9n se pueden llevar puestos.<\/p>\n<p><strong>IMPORTANTE:<\/strong><\/p>\n<p>Pin artesanal pintado a mano con la imagen del Papa Francisco.<br \/>\nDise\u00f1o exclusivo de nuestra marca.<br \/>\nEmpacado en bolsa sellada de celof\u00e1n para su protecci\u00f3n.<br \/>\nPersonalizable a partir de 12 unidades: puedes agregar un nombre, logo o mensaje especial en la impresi\u00f3n. Ideal para grupos, comunidades o eventos especiales.<\/p>\n","protected":false},"featured_media":1893,"comment_status":"closed","ping_status":"closed","template":"","meta":{"_acf_changed":false},"product_brand":[],"product_cat":[109],"product_tag":[],"class_list":{"0":"post-1862","1":"product","2":"type-product","3":"status-publish","4":"has-post-thumbnail","6":"product_cat-pines","8":"first","9":"instock","10":"taxable","11":"shipping-taxable","12":"purchasable","13":"product-type-simple"},"acf":[],"_links":{"self":[{"href":"https:\/\/www.dev.magdalenastiendadefe.com\/dev\/wp-json\/wp\/v2\/product\/1862","targetHints":{"allow":["GET"]}}],"collection":[{"href":"https:\/\/www.dev.magdalenastiendadefe.com\/dev\/wp-json\/wp\/v2\/product"}],"about":[{"href":"https:\/\/www.dev.magdalenastiendadefe.com\/dev\/wp-json\/wp\/v2\/types\/product"}],"replies":[{"embeddable":true,"href":"https:\/\/www.dev.magdalenastiendadefe.com\/dev\/wp-json\/wp\/v2\/comments?post=1862"}],"wp:featuredmedia":[{"embeddable":true,"href":"https:\/\/www.dev.magdalenastiendadefe.com\/dev\/wp-json\/wp\/v2\/media\/1893"}],"wp:attachment":[{"href":"https:\/\/www.dev.magdalenastiendadefe.com\/dev\/wp-json\/wp\/v2\/media?parent=1862"}],"wp:term":[{"taxonomy":"product_brand","embeddable":true,"href":"https:\/\/www.dev.magdalenastiendadefe.com\/dev\/wp-json\/wp\/v2\/product_brand?post=1862"},{"taxonomy":"product_cat","embeddable":true,"href":"https:\/\/www.dev.magdalenastiendadefe.com\/dev\/wp-json\/wp\/v2\/product_cat?post=1862"},{"taxonomy":"product_tag","embeddable":true,"href":"https:\/\/www.dev.magdalenastiendadefe.com\/dev\/wp-json\/wp\/v2\/product_tag?post=1862"}],"curies":[{"name":"wp","href":"https:\/\/api.w.org\/{rel}","templated":true}]}}