{"id":1552,"date":"2025-07-24T20:29:13","date_gmt":"2025-07-24T20:29:13","guid":{"rendered":"https:\/\/www.dev.magdalenastiendadefe.com\/dev\/?post_type=product&#038;p=1552"},"modified":"2025-07-24T20:29:36","modified_gmt":"2025-07-24T20:29:36","slug":"bendicion-doble-escapulario-6","status":"publish","type":"product","link":"https:\/\/www.dev.magdalenastiendadefe.com\/dev\/producto\/bendicion-doble-escapulario-6\/","title":{"rendered":"Bendici\u00f3n doble escapulario"},"content":{"rendered":"<p>Protege y llena de gracia tu hogar con bendiciones sagradas<\/p>\n<p>En la tradici\u00f3n cat\u00f3lica, tener s\u00edmbolos de fe en el hogar, la oficina o incluso en habitaciones personales no solo es un recordatorio constante de la presencia de Dios, sino tambi\u00e9n una invitaci\u00f3n para que \u00c9l habite y proteja estos espacios. Estas medallas, colocadas detr\u00e1s de la puerta, son un acto de fe y confianza en Su amor y cuidado.<\/p>\n<p>Colocar estas medallas en tu hogar no solo embellece espiritualmente tu espacio, sino que tambi\u00e9n lo convierte en un lugar de gracia y bendici\u00f3n constante. Invita a Dios y a Su santidad a ser parte de tu d\u00eda a d\u00eda.<\/p>\n","protected":false},"excerpt":{"rendered":"<p>Bendici\u00f3n del hogar, con doble escapulario de 5cm recamado en mostacilla, la bendici\u00f3n trae 4 im\u00e1genes: Sagrada Familia \/\u00a0 Sagrado coraz\u00f3n de Jes\u00fas,\u00a0 Virgen de Guadalupe \/ San Benito.<\/p>\n<p>Se env\u00eda con estampa de la marca, bolsa de organza, caja de regalo y tarjeta de para.<\/p>\n","protected":false},"featured_media":1614,"comment_status":"closed","ping_status":"closed","template":"","meta":{"_acf_changed":false},"product_brand":[],"product_cat":[129],"product_tag":[],"class_list":{"0":"post-1552","1":"product","2":"type-product","3":"status-publish","4":"has-post-thumbnail","6":"product_cat-bendiciones","8":"first","9":"instock","10":"taxable","11":"shipping-taxable","12":"purchasable","13":"product-type-simple"},"acf":[],"_links":{"self":[{"href":"https:\/\/www.dev.magdalenastiendadefe.com\/dev\/wp-json\/wp\/v2\/product\/1552","targetHints":{"allow":["GET"]}}],"collection":[{"href":"https:\/\/www.dev.magdalenastiendadefe.com\/dev\/wp-json\/wp\/v2\/product"}],"about":[{"href":"https:\/\/www.dev.magdalenastiendadefe.com\/dev\/wp-json\/wp\/v2\/types\/product"}],"replies":[{"embeddable":true,"href":"https:\/\/www.dev.magdalenastiendadefe.com\/dev\/wp-json\/wp\/v2\/comments?post=1552"}],"wp:featuredmedia":[{"embeddable":true,"href":"https:\/\/www.dev.magdalenastiendadefe.com\/dev\/wp-json\/wp\/v2\/media\/1614"}],"wp:attachment":[{"href":"https:\/\/www.dev.magdalenastiendadefe.com\/dev\/wp-json\/wp\/v2\/media?parent=1552"}],"wp:term":[{"taxonomy":"product_brand","embeddable":true,"href":"https:\/\/www.dev.magdalenastiendadefe.com\/dev\/wp-json\/wp\/v2\/product_brand?post=1552"},{"taxonomy":"product_cat","embeddable":true,"href":"https:\/\/www.dev.magdalenastiendadefe.com\/dev\/wp-json\/wp\/v2\/product_cat?post=1552"},{"taxonomy":"product_tag","embeddable":true,"href":"https:\/\/www.dev.magdalenastiendadefe.com\/dev\/wp-json\/wp\/v2\/product_tag?post=1552"}],"curies":[{"name":"wp","href":"https:\/\/api.w.org\/{rel}","templated":true}]}}