{"id":142,"date":"2025-07-24T20:19:37","date_gmt":"2025-07-24T20:19:37","guid":{"rendered":"https:\/\/www.dev.magdalenastiendadefe.com\/dev\/?post_type=product&#038;p=142"},"modified":"2025-07-24T20:19:41","modified_gmt":"2025-07-24T20:19:41","slug":"pulsera-san-benito-2","status":"publish","type":"product","link":"https:\/\/www.dev.magdalenastiendadefe.com\/dev\/producto\/pulsera-san-benito-2\/","title":{"rendered":"Pulsera San Benito"},"content":{"rendered":"<p>Se entrega empacado para regalo, incluye estampa de la marca y tarjeta de para.<\/p>\n","protected":false},"excerpt":{"rendered":"<p>Pulsera elaborada en hilo, dije en oro laminado 18k.<\/p>\n<p>Puedes usar jab\u00f3n suave al menos una vez a la semana. Si sudas mucho, se recomienda lavar la joya todos los d\u00edas.<\/p>\n<p><strong><u>GARANTIA MAGDALENA\u2019S:<\/u><\/strong><\/p>\n<p>Cinco a\u00f1os por perdida de color SOLO de los herrajes en oro laminado.<\/p>\n<p><strong><u>IMPORTANTE:\u00a0<\/u><\/strong>Recuerda que no es oro macizo, por lo tanto no resiste pruebas qu\u00edmicas.<\/p>\n<p><u>CARACTERISTICAS DEL ORO LAMINADO<\/u><\/p>\n<ol>\n<li>Capa de Oro Significativa: En el oro laminado, una cantidad considerable de oro se fusiona con el metal base, generalmente en forma de l\u00e1mina o l\u00e1minas delgadas.<\/li>\n<li>Durabilidad: Debido a la mec\u00e1nica del proceso de laminaci\u00f3n, el oro laminado es m\u00e1s resistente y duradero que el chapado en oro. Puede soportar el desgaste diario y la exposici\u00f3n a condiciones normales sin desgastarse r\u00e1pidamente.<\/li>\n<li>Aspecto y Sensaci\u00f3n: Los accesorios de oro laminado tienen un aspecto similar al oro macizo y generalmente son apreciados por su belleza y brillo. Pueden mantener su apariencia durante un per\u00edodo prolongado si se cuidan adecuadamente.<\/li>\n<li>Precio M\u00e1s Asequible: El oro laminado es una opci\u00f3n m\u00e1s asequible en comparaci\u00f3n con el oro macizo, pero ofrece una apariencia similar. Es una alternativa popular para quienes buscan la apariencia del oro sin el costo total asociado.<\/li>\n<li>Hipoalerg\u00e9nico: En general, el oro laminado tiende a ser hipoalerg\u00e9nico, ya que la capa de oro en la superficie reduce la exposici\u00f3n directa a los metales base que podr\u00edan causar reacciones al\u00e9rgicas.<\/li>\n<\/ol>\n<p>Es importante se\u00f1alar que, aunque el oro laminado es m\u00e1s duradero que el chapado en oro, eventualmente puede desgastarse con el tiempo y la exposici\u00f3n constante a factores como la fricci\u00f3n y la humedad. Sin embargo, si se cuida adecuadamente, los accesorios en oro laminado pueden mantener su apariencia atractiva durante mucho tiempo.<\/p>\n","protected":false},"featured_media":172,"comment_status":"closed","ping_status":"closed","template":"","meta":{"_acf_changed":false},"product_brand":[],"product_cat":[32],"product_tag":[],"class_list":{"0":"post-142","1":"product","2":"type-product","3":"status-publish","4":"has-post-thumbnail","6":"product_cat-hombre","8":"first","9":"instock","10":"taxable","11":"shipping-taxable","12":"purchasable","13":"product-type-simple"},"acf":[],"_links":{"self":[{"href":"https:\/\/www.dev.magdalenastiendadefe.com\/dev\/wp-json\/wp\/v2\/product\/142","targetHints":{"allow":["GET"]}}],"collection":[{"href":"https:\/\/www.dev.magdalenastiendadefe.com\/dev\/wp-json\/wp\/v2\/product"}],"about":[{"href":"https:\/\/www.dev.magdalenastiendadefe.com\/dev\/wp-json\/wp\/v2\/types\/product"}],"replies":[{"embeddable":true,"href":"https:\/\/www.dev.magdalenastiendadefe.com\/dev\/wp-json\/wp\/v2\/comments?post=142"}],"wp:featuredmedia":[{"embeddable":true,"href":"https:\/\/www.dev.magdalenastiendadefe.com\/dev\/wp-json\/wp\/v2\/media\/172"}],"wp:attachment":[{"href":"https:\/\/www.dev.magdalenastiendadefe.com\/dev\/wp-json\/wp\/v2\/media?parent=142"}],"wp:term":[{"taxonomy":"product_brand","embeddable":true,"href":"https:\/\/www.dev.magdalenastiendadefe.com\/dev\/wp-json\/wp\/v2\/product_brand?post=142"},{"taxonomy":"product_cat","embeddable":true,"href":"https:\/\/www.dev.magdalenastiendadefe.com\/dev\/wp-json\/wp\/v2\/product_cat?post=142"},{"taxonomy":"product_tag","embeddable":true,"href":"https:\/\/www.dev.magdalenastiendadefe.com\/dev\/wp-json\/wp\/v2\/product_tag?post=142"}],"curies":[{"name":"wp","href":"https:\/\/api.w.org\/{rel}","templated":true}]}}